+ (-4 - -6). Let s = q - 20. What is the highest common divisor of s and 33?
11
Let f(i) = 5*i**2 - 4*i - 5. Let a be f(-3). Let v = a + 119. Let l be (-1)/(18/19 - 1). What is the highest common divisor of v and l?
19
Let q(m) = 5*m + 0 + 63*m**2 - 10 + 41*m**2 + 50*m**2. Let g be q(2). Calculate the greatest common divisor of g and 56.
56
Suppose 5*f + 5*b - 4091 = 614, 0 = -20*f + b + 18715. What is the greatest common factor of 90 and f?
18
Let w(o) = -o - 5. Let m be w(-6). Suppose 9*b = -39 + 273. Suppose 0*a = -b*a + 208. What is the highest common divisor of m and a?
1
Let h(o) = o + 18. Let l be h(-12). Suppose 0 = l*w - 4*w + 14. Let u be ((-28)/(-8))/w*-18. What is the greatest common divisor of 36 and u?
9
Let j = -6558 + 6614. What is the highest common divisor of 2282 and j?
14
Let u be ((-245)/21 + 11)/(((-28)/(-246))/7). Suppose -5*j = -80 - 130. Let l = j + u. What is the greatest common factor of l and 5?
1
Let h(t) = 205*t + 3144. Let x be h(-15). What is the greatest common divisor of 28221 and x?
69
Suppose 10*l + 8 = 68. Let k(j) = 27*j. Suppose -q = 5*a - 2*q - 9, q = 4*a - 7. Let y be k(a). Calculate the greatest common factor of y and l.
6
Let o(q) = 3*q**3 - 90*q**2 + 169*q + 20. Let h be o(28). What is the highest common factor of h and 1128?
24
Let x(p) = -443*p - 5603. Let z be x(-13). What is the greatest common divisor of 4095 and z?
39
Suppose 4*x - 3*v - 224 = -x, 5*v = -3*x + 114. Suppose x*l - 1964 = 7023. What is the highest common divisor of 19 and l?
19
Let n(a) = 7*a + 120. Let v be n(-17). Let f be 7*(v + (-344)/(-56)). What is the greatest common factor of f and 10?
10
Let g = 3086 - 2961. What is the highest common divisor of 85 and g?
5
Let k be (-17 + 1)/(2/8 + 12727/(-48060)). Calculate the highest common factor of 380 and k.
20
Let h = -4237 + 4292. Calculate the highest common divisor of 5 and h.
5
Suppose 0 = -2*r - 10, x + 2*r - 3*r = 8. Suppose -2*g = -2*i + 1908, 9*i = 4*i + x*g + 4776. What is the greatest common factor of 66 and i?
33
Suppose l - 2*v - 5174 = 0, l - 7179 = -4*v - 1951. Calculate the greatest common divisor of l and 308.
44
Let s(d) = -179*d - 29. Let x be s(-1). Calculate the highest common divisor of 360 and x.
30
Suppose -2*y = -4*w - 470, 0 = -y - 97*w + 94*w + 260. Calculate the highest common factor of y and 50.
5
Let c = 2954 + -2946. Calculate the greatest common divisor of c and 1468.
4
Suppose 2*d - 74 = -0*d. Let k be ((16 + -4528)/12)/((-2)/8). Let z = k - 1393. What is the greatest common divisor of z and d?
37
Let c be (-240)/60 - 1/((-2)/80). Suppose -o - c = -75. Calculate the highest common divisor of o and 52.
13
Let i = 12959 + -12887. What is the highest common factor of 4122 and i?
18
Let p = -6044 - -6092. What is the highest common factor of p and 165?
3
Suppose -4*r - 16 = -388. Let m = 620 + -558. Calculate the greatest common divisor of m and r.
31
Let m = -7581 - -7703. What is the greatest common divisor of 1281 and m?
61
Suppose -8*a = 44*a + 12*a - 188928. What is the greatest common divisor of a and 1148?
164
Let n = 19 + -18. Let c be (7*1)/((n/(-2))/(-1)). Suppose s = -0*s + c. Calculate the highest common divisor of 126 and s.
14
Suppose -c + q + 4 = 0, -7*q = 4*c - 12*q - 16. Suppose -3*f + 4*x = -28, -c*f - 28*x + 28 = -24*x. Calculate the greatest common factor of f and 64.
8
Suppose 2*y = -5*l + 758, 7*l + 4*y = 2*l + 766. Let b = 12955 - 12835. Calculate the highest common divisor of l and b.
30
Suppose -c - 17 = -m + 12, -2*c = 4*m + 76. Let l = c - -46. Let s = -67 - -221. Calculate the greatest common divisor of s and l.
14
Let w be (2 - (-39)/12) + 3/4 - -311. What is the greatest common factor of w and 1?
1
Suppose 37*z + 3525 = 112*z - 28*z. Calculate the highest common factor of 34725 and z.
75
Let r(p) = -4*p + 11. Let m be r(0). Let i(y) = 4*y - 25. Let v be i(m). What is the highest common factor of 684 and v?
19
Let x(d) = -50*d + 2192. Let k be x(43). What is the highest common factor of 1575 and k?
21
Suppose l - 2*i - 189 = 3*i, -i + 189 = l. Let c = 777 - 651. Calculate the greatest common divisor of l and c.
63
Let x = -89 - -91. Suppose x*w = 9*w + 21. Let z be w/((-7)/(819/(-348)) - 3). What is the highest common factor of 13 and z?
13
Suppose -4*n + 4225 = 9*n. Suppose n = -9*k - 4*k. Let a(y) = -y**2 - 30*y + 27. Let o be a(k). Calculate the greatest common factor of o and 19.
19
Let f be ((-93)/12)/((-6 - 2)/576). What is the highest common divisor of f and 198?
18
Let t(n) = -7*n - 1 + 5*n - 5*n. Let x be t(-1). Let p(z) = 3*z**2 + 5*z - 42. Let b be p(6). What is the highest common factor of x and b?
6
Let z(u) = -u**2 - 2*u - 8. Let d be z(0). Let y be 14 + d + 1*-2. Let n be 6*((-55)/15 + y). What is the greatest common factor of n and 14?
2
Suppose -29 = -15*s + 306 + 175. What is the highest common factor of s and 27982?
34
Suppose -6*r - 2 + 50 = 0. Suppose 9*x - 3*g = r*x + 149, 3*g = -6. Let z be (-4)/10 - (-201)/15. Calculate the highest common divisor of z and x.
13
Let j(n) = 15*n - 13. Let q be j(12). Suppose -2*l = -m + q, -4*m + m = l - 494. Calculate the highest common divisor of 99 and m.
33
Let z be 23/((-230)/(-6426)) - 221/(-65). Let l be -2 + (-3)/(3/(-40)). Calculate the highest common factor of l and z.
38
Let r(n) = -n**3 - 10*n**2 + 9*n + 13. Let s be r(-11). Let h = -33 + s. Let g be 16 + ((-6)/(h - 5) - 3). Calculate the highest common divisor of 6 and g.
3
Suppose -y = 88 - 139. Suppose 3*v - 3*h = y, 5*h - 17 - 38 = -2*v. Let q be 4/1 + v + -11. What is the greatest common divisor of 39 and q?
13
Let p(y) = y + 19. Let l be p(-12). Suppose 11*b - 48 = l*b. Let r = 28 - -80. What is the highest common factor of b and r?
12
Let z be (-120)/45*66/(-4). Let a = z + -40. Suppose g + a*g - 109 = -k, 0 = 2*k - g - 163. What is the greatest common divisor of 12 and k?
12
Let j = 11505 + -11409. Calculate the highest common divisor of 1600 and j.
32
Let k(n) = -n**3 + 9*n**2 + 3. Let l = 397 + -388. Let x be k(l). Calculate the greatest common factor of 2 and x.
1
Suppose 0 = 853*b - 231007 + 12639. Let o be (-516)/(-66) - (-4)/22. What is the greatest common factor of b and o?
8
Let k(n) = 13*n + 39. Let p be k(3). Let j be (5 - (8 + -2))/((-2)/p). Calculate the greatest common divisor of j and 26.
13
Let b = -6525 + 6551. Calculate the greatest common factor of 5122 and b.
26
Let t = 39 - 27. Let q = -1851 + 2499. What is the highest common factor of q and t?
12
Let w = 23 + -17. Let z be (-3)/(-6) + w/4. Suppose 5*u - 5*d = 90, 5*u - 2*d = z*d + 95. Calculate the greatest common factor of u and 115.
23
Let g be (512 + 5/(-1))*3/9. Let s(o) = -3*o**3 + 6*o**2 - 1. Let h be s(4). Let i = g + h. What is the highest common factor of 18 and i?
18
Suppose 65*h = 62*h - 4*d + 208, 2*d = -5*h + 314. What is the greatest common divisor of 5205 and h?
15
Suppose 0*p = -5*p + 30. Let u(h) = 1 + 1 - 7*h + 3*h - p. Let g be u(-5). What is the greatest common divisor of g and 8?
8
Let s = -2554 - -2741. Calculate the highest common factor of s and 374.
187
Suppose 220*o - 236972 = -28558 + 187366. What is the highest common divisor of o and 7?
7
Suppose 0 = -l - 136*c + 138*c + 156, 2*c = -4*l + 634. What is the greatest common divisor of 8 and l?
2
Let q be (-3)/(-2) - 3/6. Suppose 0 = -4*b + 2*j - 34 + 84, 0 = -j + q. Suppose 0 = -2*k + 29 - b. What is the highest common divisor of 4 and k?
4
Suppose 5*p + 64 = 2*y, 5*p - 5*y = -4*y - 67. Let c be 69/18*p*9/(-3). Calculate the highest common factor of 115 and c.
23
Let a be 10/5 - 36*-1. Suppose 0*h = 3*h + 33. Let c = h - -68. Calculate the greatest common divisor of c and a.
19
Suppose 0 = 4*m + 8*d + 349 - 2157, 0 = 4*m - 4*d - 1832. What is the highest common factor of m and 4?
4
Let l be 26*(-14)/(-392)*14. Suppose -2*g = 2*g - 8. Suppose -z = -k - 5*z + 13, k + 5 = g*z. What is the highest common factor of l and k?
1
Let t = 281 - 238. Suppose 0 = -14*j + 181 + t. Calculate the highest common divisor of j and 4.
4
Let a be (-111)/(4/(-20)*1). Suppose g = -j + a, -g + 545 = j + 2*g. Calculate the greatest common divisor of j and 80.
80
Let f(u) = u**2 - 10*u + 21. Let k be f(8). Suppose k*d + 18*m - 130 = 13*m, 4*d = 5*m + 68. Calculate the great